hat are the prime factors of 223355024?
2, 23, 606943
List the prime factors of 4051577320.
2, 5, 7, 14469919
What are the prime factors of 696061644?
2, 3, 58005137
List the prime factors of 756813606.
2, 3, 53, 167, 14251
List the prime factors of 141451733.
59, 2397487
List the prime factors of 1575002266.
2, 787501133
List the prime factors of 635232259.
4243, 149713
What are the prime factors of 260819772?
2, 3, 21734981
What are the prime factors of 57563500?
2, 5, 115127
List the prime factors of 178241108.
2, 47, 948091
List the prime factors of 9980745.
3, 5, 317, 2099
List the prime factors of 73063766.
2, 113, 151, 2141
List the prime factors of 3035013416.
2, 379376677
What are the prime factors of 1902426759?
3, 97, 167, 13049
List the prime factors of 323329852.
2, 6079, 13297
List the prime factors of 1465920454.
2, 97, 7556291
List the prime factors of 2826010678.
2, 1413005339
List the prime factors of 79663129.
7, 13, 875419
List the prime factors of 3320665337.
11, 179, 1686473
List the prime factors of 19415549.
19, 613, 1667
What are the prime factors of 3232410?
2, 3, 5, 107747
What are the prime factors of 74589851?
7, 23, 463291
What are the prime factors of 6624388?
2, 19, 101, 863
What are the prime factors of 724320443?
7, 11, 29, 547, 593
What are the prime factors of 239232292?
2, 13, 23, 317, 631
List the prime factors of 479643544.
2, 59955443
List the prime factors of 63849080.
2, 5, 257, 6211
What are the prime factors of 1300834979?
3347, 388657
List the prime factors of 158652788.
2, 7, 809453
List the prime factors of 37731275.
5, 41, 131, 281
What are the prime factors of 246639461?
29, 127, 167, 401
What are the prime factors of 74234961?
3, 23, 39847
What are the prime factors of 176152343?
176152343
List the prime factors of 28383673.
53, 79, 6779
List the prime factors of 210524395.
5, 3739, 11261
List the prime factors of 517713186.
2, 3, 86285531
What are the prime factors of 49694132?
2, 41, 303013
What are the prime factors of 5216107461?
3, 31, 89, 630193
What are the prime factors of 344889570?
2, 3, 5, 31, 223, 1663
List the prime factors of 2773963048.
2, 346745381
What are the prime factors of 3151702408?
2, 393962801
What are the prime factors of 7752155856?
2, 3, 17, 9500191
What are the prime factors of 587502610?
2, 5, 19, 3092119
List the prime factors of 3018082755.
3, 5, 59, 199, 17137
List the prime factors of 2000414503.
2000414503
What are the prime factors of 49476786?
2, 3, 8246131
What are the prime factors of 108413488?
2, 17, 211, 1889
List the prime factors of 137810311.
37, 3724603
What are the prime factors of 218284734?
2, 3, 281, 129469
List the prime factors of 1236293033.
23, 73, 97, 7591
List the prime factors of 522188614.
2, 31, 557, 15121
What are the prime factors of 26658968?
2, 7, 43, 11071
What are the prime factors of 367362699?
3, 11, 1327, 8389
List the prime factors of 4562272389.
3, 1520757463
List the prime factors of 781382105.
5, 7, 23, 127, 7643
What are the prime factors of 3185959941?
3, 353995549
List the prime factors of 318760210.
2, 5, 227, 140423
What are the prime factors of 39407122?
2, 17, 67, 17299
List the prime factors of 1902630042.
2, 3, 113, 935413
List the prime factors of 103711375.
5, 47, 127, 139
List the prime factors of 1980714056.
2, 247589257
What are the prime factors of 2641700019?
3, 7, 103, 131, 9323
List the prime factors of 67938231.
3, 593, 38189
List the prime factors of 2381213571.
3, 11, 31, 19237
What are the prime factors of 395771770?
2, 5, 41, 443, 2179
What are the prime factors of 13029671?
29, 449299
List the prime factors of 64487424.
2, 3, 41
What are the prime factors of 50424815?
5, 7, 167, 8627
What are the prime factors of 703744790?
2, 5, 7, 113, 88969
What are the prime factors of 401506024?
2, 19, 2641487
What are the prime factors of 194892851?
194892851
What are the prime factors of 4427569?
23, 163, 1181
What are the prime factors of 3879098?
2, 29, 47, 1423
What are the prime factors of 1583292313?
83, 19075811
List the prime factors of 88713319.
263, 337313
What are the prime factors of 48627909?
3, 11, 89, 5519
List the prime factors of 259168727.
101, 2566027
What are the prime factors of 616077571?
163, 1657, 2281
List the prime factors of 346409766.
2, 3, 19244987
What are the prime factors of 330525800?
2, 5, 11, 150239
List the prime factors of 853114181.
853114181
What are the prime factors of 206531703?
3, 7, 31, 105751
What are the prime factors of 453541425?
3, 5, 43, 67, 2099
List the prime factors of 72502549.
7, 109, 167, 569
What are the prime factors of 663674174?
2, 331837087
What are the prime factors of 246325916?
2, 577, 106727
What are the prime factors of 89278712?
2, 53, 193, 1091
List the prime factors of 42525426.
2, 3, 29, 244399
What are the prime factors of 1108401665?
5, 7, 263, 120413
What are the prime factors of 1549882007?
953, 1626319
List the prime factors of 863712221.
53, 16296457
List the prime factors of 27144741.
3, 13, 696019
What are the prime factors of 54589871?
7, 491, 2269
List the prime factors of 62926939.
101, 727, 857
What are the prime factors of 441271138?
2, 7, 11, 2865397
List the prime factors of 20147206.
2, 10073603
List the prime factors of 66036997.
13, 1399, 3631
What are the prime factors of 6930010401?
3, 9463, 244109
What are the prime factors of 234625320?
2, 3, 5, 107, 6091
List the prime factors of 97446431.
17, 5732143
List the prime factors of 546074056.
2, 11, 353, 17579
What are the prime factors of 26604050?
2, 5, 11, 48371
List the prime factors of 500426880.
2, 3, 5, 97, 2687
What are the prime factors of 139081511?
139081511
What are the prime factors of 129569807?
129569807
List the prime factors of 133702405.
5, 3617, 7393
List the prime factors of 8140727155.
5, 11, 919, 161059
List the prime factors of 299076432.
2, 3, 6230759
What are the prime factors of 228314661?
3, 79, 883, 1091
What are the prime factors of 115327620?
2, 3, 5, 307, 2087
List the prime factors of 852629003.
852629003
What are the prime factors of 232899493?
29, 8031017
List the prime factors of 177617071.
17, 1291, 8093
What are the prime factors of 531866457?
3, 433, 136481
List the prime factors of 36603944.
2, 13, 109, 3229
What are the prime factors of 659032?
2, 11, 7489
List the prime factors of 185654529.
3, 19, 389, 2791
What are the prime factors of 306638719?
43, 7131133
List the prime factors of 9670737.
3, 881, 3659
List the prime factors of 39382139.
39382139
What are the prime factors of 41709468?
2, 3, 491, 7079
What are the prime factors of 6519905889?
3, 7, 29, 83, 128987
List the prime factors of 146698179.
3, 48899393
List the prime factors of 1811265034.
2, 17, 53272501
What are the prime factors of 48760924?
2, 12190231
List the prime factors of 18298822.
2, 43, 212777
List the prime factors of 5128256886.
2, 3, 854709481
What are the prime factors of 93672322?
2, 89, 526249
List the prime factors of 230508357.
3, 76836119
List the prime factors of 37794982.
2, 37, 239, 2137
List the prime factors of 1354308181.
557, 2431433
List the prime factors of 35640014.
2, 29, 614483
List the prime factors of 20910452.
2, 5227613
List the prime factors of 175913135.
5, 1277, 27551
What are the prime factors of 513820961?
37, 1999, 6947
List the prime factors of 2281124296.
2, 11, 37, 700591
List the prime factors of 2190740293.
7, 73, 263, 16301
What are the prime factors of 42730602?
2, 3, 7121767
What are the prime factors of 611893883?
4637, 131959
List the prime factors of 965074276.
2, 241268569
List the prime factors of 16491125.
5, 7, 47, 401
What are the prime factors of 3682386923?
353, 373, 27967
List the prime factors of 183434012.
2, 17, 37, 72907
What are the prime factors of 780990839?
19, 41104781
List the prime factors of 124108283.
13, 31, 547, 563
What are the prime factors of 1083825400?
2, 5, 7, 774161
What are the prime factors of 1139253822?
2, 3, 7, 143519
What are the prime factors of 52069736?
2, 109, 211, 283
List the prime factors of 524241047.
11, 23, 41, 50539
What are the prime factors of 405642597?
3, 1171, 115469
List the prime factors of 5011419308.
2, 7, 23, 2251, 3457
List the prime factors of 78854023.
3